tiple of 5?
True
Let a(c) = -6*c - 2. Let m be a(-1). Suppose -m*h + 27 - 96 = -5*q, -71 = -3*q - 5*h. Does 2 divide q?
False
Is 4 a factor of (-358)/(-2) + (-93)/31?
True
Let y(a) be the first derivative of -3 + 5*a + 7/2*a**2. Is 20 a factor of y(5)?
True
Suppose 0*m - 611 = -3*q + 5*m, 4*m + 1001 = 5*q. Does 14 divide q?
False
Let v(s) = 13*s**3 + 17*s**2 - s + 1. Is v(5) a multiple of 93?
True
Let u = 13633 - 9394. Is 21 a factor of u?
False
Suppose x = -0 + 20. Let z = x - 8. Is (1/2)/(1/z) even?
True
Suppose -3*o - 5*b = -128, 210 = 3*o + 2*o + 5*b. Let q = 74 - o. Is 11 a factor of q?
True
Suppose 4*o - 210 = 4*t + 502, 3*t = 5*o - 880. Suppose 0 = -4*l - 4*j + 220, 3*l + j - o = 6*j. Is 8 a factor of l?
True
Let j = 26 + -22. Does 34 divide 141 - -2 - (0 - j)?
False
Let d(o) be the second derivative of -o**4/12 - 13*o**3/6 - 15*o**2/2 + 4*o. Let j be d(-6). Suppose 3*y - 33 = j. Is y a multiple of 10?
True
Suppose 0 = -3*j - 4*m + 143, -9*j = -12*j + 2*m + 113. Suppose 5*o - j = 114. Is 18 a factor of o?
False
Suppose -t + 41 = 5*f - 2*t, 0 = 2*f + 5*t - 38. Suppose -324 = -f*v - 9. Is 13 a factor of v?
False
Suppose -5*g = -3*g - 6. Let q be (g - -3*11) + -3. Suppose -5*o = 4*u - 27, -1 = -3*u - o + q. Is 13 a factor of u?
True
Suppose 0*c - 9700 = -5*c. Suppose 6*s + c = 11*s. Suppose 0 = 4*d + 12, -3*q - 25 + s = -5*d. Is q a multiple of 30?
False
Let s(u) = 2*u**2 + 25*u + 14. Let o be s(-12). Does 14 divide (-18)/12*o/6*-236?
False
Suppose 10 = -t + 17. Let w be (-796)/(-10) + (-2)/(-5). Suppose -3*s = -3*q - 72, t*s = 2*s - 5*q + w. Does 17 divide s?
False
Suppose f + f + m - 333 = 0, -5*f + 860 = -3*m. Suppose 0 = c + 5, 4*b = 2*c + f + 141. Is b a multiple of 15?
True
Is -2 - (-257)/2 - (-2)/(-4) a multiple of 18?
True
Suppose -t = -3*t + 4*i + 52, 0 = i - 5. Suppose -2*p - t = -4*p. Is 20 a factor of ((-12)/p)/(2/(-123))?
False
Suppose 0*j + 15 = -5*j. Let q be 1*(-5 - j - -5). Suppose 109 = 4*z - q*y, -z - y + 2*y + 28 = 0. Is 25 a factor of z?
True
Suppose -50*w = -33035 - 25415. Does 32 divide w?
False
Is ((-4325)/(-20))/(10/40) a multiple of 14?
False
Let l = 786 + -365. Does 17 divide l?
False
Let o = -59 - -59. Suppose 10*l - l - 135 = o. Is l a multiple of 2?
False
Suppose 3*n = -4*m + 7*n - 1784, -2*n = -3*m - 1342. Let a be (4/5)/((-36)/m). Suppose 2*k - 5*k + 4*y = -a, 4*k - 30 = 2*y. Is k a multiple of 10?
True
Let n = 58 - 146. Let b = 144 + n. Does 7 divide b?
True
Let a(d) = 3*d**2 + 2*d - 6. Let p be a(3). Let y = 45 - p. Is 18 a factor of y?
True
Suppose -4*v + 2*j = -1872, -5*v + 12*j - 8*j + 2340 = 0. Is 39 a factor of v?
True
Is ((-3)/(-2))/(59850/(-29952) + 2) a multiple of 28?
False
Let k(j) = 3*j**2 - 3 - 4*j + 2 + 0 - 4*j**2. Let y be k(-3). Suppose -40 - 62 = -y*o. Is o a multiple of 12?
False
Is (-43900)/(-14) + (-280)/49 + 6 a multiple of 28?
True
Let f(n) = -n**2 + n + 77. Let v be f(0). Suppose 0 = -4*l - 0*b - 2*b + 72, -5*l + 4*b = -v. Is l a multiple of 7?
False
Suppose -3*c + 77 = -4*l, -3*l + 7 = c + 3. Let a be 1/2*(c - 9). Suppose -3*r - a*s = -4, -3 = -2*r - 2*s + 1. Is r a multiple of 3?
True
Suppose -2*g - 1648 = -2*i - 184, -g + 5 = 0. Is i a multiple of 11?
True
Is 4 a factor of -1*(-42)/7 - -7?
False
Let x = 11752 + -6568. Is 48 a factor of x?
True
Let s(j) = -9*j**3 - j**2 - 2. Let t(a) = 20*a**2. Let v be t(-1). Suppose 3*n = -4*o - 3 - v, 0 = -3*o - 2*n - 16. Is s(o) a multiple of 17?
False
Let c = 93 - 55. Let z be 2 + -1 - (2 + -4). Suppose z*k - c = -8. Is 6 a factor of k?
False
Let d = 6 + -4. Suppose -d*o = s - 5*s + 64, -3*o = 0. Suppose -g = -5*g + s. Is g a multiple of 2?
True
Let f = -6 - -11. Suppose 3*m + f*s - 40 = 0, 7 = 4*s - 1. Is m a multiple of 8?
False
Let j(h) = h + 2. Let c be j(1). Suppose -5*i + 7*n + 835 = 3*n, 3*i = -c*n + 474. Is i a multiple of 9?
False
Let a(i) = -18*i**3 - i**2 - 14*i + 2. Does 27 divide a(-6)?
False
Suppose 11*x = -4*m + 13*x + 17610, -3*m + 4*x = -13200. Is 12 a factor of m?
True
Suppose -40 = 3*j - 4*j + 2*g, 0 = -2*g. Is j a multiple of 3?
False
Let o(s) = 3*s**3 - s**2 + 3*s - 1. Let w be o(1). Suppose w*c - 2*h + 587 = -c, -5*c + 3*h - 583 = 0. Let k = c - -218. Is k a multiple of 33?
True
Let s(o) = -o**3 - 10*o**2 + 11*o + 2. Let q be s(-11). Does 3 divide q - (-11 - (1 - 4))?
False
Let r(s) = -s + 21. Let m be r(0). Let v = m - -17. Suppose -3*a + 4*t = -12, 4*a - v = -2*t - 0*t. Does 8 divide a?
True
Let c(l) = 4*l**2 - 2*l + 3. Let q be c(1). Suppose -3*s = -o + 5*o - 359, -q*s = o - 621. Is 18 a factor of s?
False
Is (-12)/8*20/15 - -152 a multiple of 15?
True
Let k = -123 + 230. Is 6 a factor of k?
False
Let r(s) be the first derivative of 28*s**2 + 3*s + 24. Is 24 a factor of r(4)?
False
Let w be 9/(-6)*(-1504)/24. Is 10 a factor of w/4*(1 - -1)?
False
Let n = -937 - -1663. Does 11 divide n?
True
Suppose 0 = -3*g + 3*u - 801, 531 = -4*g + 2*g + 3*u. Let a = g - -411. Is 47 a factor of a?
True
Let p(b) = -9*b + 14. Let w(c) = 6*c - 9. Let s(o) = 5*p(o) + 7*w(o). Let g be s(-4). Suppose 17*y = g*y - 26. Is y a multiple of 2?
False
Suppose -5*c = -0*c - 125. Let p = 49 - c. Suppose -2*l = -p - 64. Is l a multiple of 11?
True
Let j(a) = -5*a**2 - 154*a + 91. Is j(-29) a multiple of 32?
True
Let b(u) = -u**3 - 11*u**2 - 12*u - 20. Let p be b(-10). Suppose p = -8*a + a + 868. Is a a multiple of 24?
False
Suppose -2*r - 3 = -r. Let v(t) = 7*t + 5*t**2 + 4 - 5*t + t**3 + 2*t. Does 10 divide v(r)?
True
Suppose 15 = 4*m - 1. Suppose m*s + 17 = d, 0 = -d - d + 4*s + 22. Suppose -5*z + 0*i - 4*i = -36, 0 = z + d*i - 3. Does 6 divide z?
False
Let i(p) = -469*p**3 + 10*p**2 + 9*p. Does 2 divide i(-1)?
True
Suppose 64*p = 72*p - 768. Does 12 divide p?
True
Let l = -1 + -19. Let o = 62 + l. Is 21 a factor of o?
True
Let j be (-23)/((-5 - -3)/(-2)). Let m = j - -16. Let h(d) = d**3 + 6*d**2 - 9*d + 3. Is 5 a factor of h(m)?
False
Suppose -6*n - 217 = -853. Suppose 0 = -3*x + n + 110. Is x a multiple of 10?
False
Suppose -9*l + 8*l = 27. Is 5 a factor of (-122)/(-6) + 9/l?
True
Suppose 2*b - 4*p - 4524 = -2*p, -b - 2*p = -2274. Does 12 divide b?
False
Let f(k) = -k**3 - 4*k**2 - 7*k - 9. Let t be f(-3). Suppose -5*b - 2*a + 5*a = -929, 0 = a + t. Is 23 a factor of b?
True
Let d = -103 + 105. Suppose -124 = -d*p + s - 3*s, -302 = -5*p - s. Is 11 a factor of p?
False
Let q be -2*106*4/(-16). Let c = q - 38. Is c a multiple of 3?
True
Does 44 divide 220/(-120) - -2 - 17950/(-12)?
True
Suppose 0 = -13*w + 1872 + 78. Does 25 divide w?
True
Suppose 3*y = 2*c + 3*c + 3643, 5*y - c = 6079. Is 19 a factor of y?
True
Suppose -8*w - 42 = -5*w. Let c be w - (0 - (0 - -4)). Let l(j) = j**2 + 6*j - 12. Does 28 divide l(c)?
True
Let q(m) = m**3 - 6*m**2 - 16*m + 3. Is q(9) a multiple of 4?
False
Let w be 498/(-9)*((-3)/6 + 2). Let a = 116 + w. Does 3 divide a?
True
Suppose 63*s - 49*s = 7168. Is s a multiple of 32?
True
Suppose -203*d + 200*d = -66. Is 17 a factor of d?
False
Suppose -b = f - 4*f + 210, f - 1120 = 5*b. Let z(h) = -3*h**2 - 9*h + 6. Let a be z(9). Let m = b - a. Is m a multiple of 31?
True
Let w(j) = -12*j - 1. Let l(g) = 14*g - 2. Let y(p) = p - 1. Let h(t) = l(t) - 3*y(t). Let n(f) = 7*h(f) + 6*w(f). Is 14 a factor of n(11)?
True
Let c(g) = -47*g + 4. Let f be c(-7). Let a = 585 - f. Is a a multiple of 16?
False
Let a = 165 + -11. Is ((-4)/4)/((-2)/a) a multiple of 13?
False
Suppose c - 4 = 3*n - 6, -7 = -3*n + 2*c. Let i = n - -1. Suppose i = -f + 2*f - 48. Is f a multiple of 16?
True
Suppose 7*q = -q + 392. Let r = -29 + q. Is r a multiple of 4?
True
Let n(i) = 2*i + 17. Let x be (-12 + 9)/((-1)/6). Does 5 divide n(x)?
False
Let p(j) = 2*j. Let t be p(2). Is 1/t + 581/28 a multiple of 7?
True
Suppose -5*r = -2*k - 11, 5*k = -0*k - 2*r + 16. Suppose 5*g + 2*t = -0*t - 31, -1 = k*g - 3*t. Does 13 divide (78/g)/((-2)/5)?
True
Let i(n) = n**2 + 5*n - 4. Suppose 8*l - 2*l - 12 = 0. Let x be -3*1 + 20/l. Does 16 divide i(x)?
True
Suppose -28*o + 25*o - 6 = 0. Suppose 4*r - 3*r = 35. Does 20 divide 1 + -5 - r*o?
False
Let l(d) = d**2 + 7*d - 3. Let w be l(-8). Suppose w*k + 1 - 21 = 0. Suppose 5*o = -5*r + 60, 0 = 2*o - 3*o - k*r + 3. Is o a multiple of 2?
False
Let b(y) = 13*y**3 + 13*y**2 - 13*y + 215. Let m(l) = -3*l**3 - 3*l**2 + 3*l - 